ivided by 42?
32
Calculate the remainder when 567 is divided by 10.
7
What is the remainder when 298 is divided by 15?
13
Calculate the remainder when 2111 is divided by 22.
21
What is the remainder when 537 is divided by 91?
82
What is the remainder when 278 is divided by 62?
30
Calculate the remainder when 124 is divided by 38.
10
Calculate the remainder when 2835 is divided by 142.
137
Calculate the remainder when 247 is divided by 31.
30
What is the remainder when 605 is divided by 288?
29
What is the remainder when 1049 is divided by 216?
185
Calculate the remainder when 321 is divided by 143.
35
Calculate the remainder when 13379 is divided by 9.
5
Calculate the remainder when 246 is divided by 173.
73
Calculate the remainder when 69 is divided by 45.
24
What is the remainder when 647 is divided by 199?
50
What is the remainder when 248 is divided by 81?
5
What is the remainder when 3147 is divided by 63?
60
Calculate the remainder when 84 is divided by 27.
3
Calculate the remainder when 34822 is divided by 35.
32
What is the remainder when 127 is divided by 15?
7
Calculate the remainder when 73 is divided by 2.
1
What is the remainder when 54 is divided by 29?
25
What is the remainder when 25 is divided by 1?
0
What is the remainder when 4838 is divided by 9?
5
Calculate the remainder when 19 is divided by 17.
2
What is the remainder when 1215 is divided by 102?
93
What is the remainder when 70 is divided by 24?
22
Calculate the remainder when 2409 is divided by 105.
99
Calculate the remainder when 471 is divided by 130.
81
Calculate the remainder when 1429 is divided by 5.
4
What is the remainder when 207 is divided by 43?
35
Calculate the remainder when 922 is divided by 12.
10
Calculate the remainder when 83 is divided by 18.
11
What is the remainder when 73 is divided by 16?
9
What is the remainder when 204 is divided by 63?
15
What is the remainder when 261 is divided by 66?
63
What is the remainder when 96 is divided by 33?
30
What is the remainder when 304 is divided by 34?
32
Calculate the remainder when 55 is divided by 19.
17
Calculate the remainder when 209 is divided by 40.
9
What is the remainder when 3306 is divided by 7?
2
Calculate the remainder when 140 is divided by 21.
14
Calculate the remainder when 240 is divided by 80.
0
What is the remainder when 1382 is divided by 32?
6
What is the remainder when 63674 is divided by 45?
44
Calculate the remainder when 188 is divided by 28.
20
What is the remainder when 154 is divided by 39?
37
What is the remainder when 109 is divided by 91?
18
What is the remainder when 407 is divided by 34?
33
Calculate the remainder when 2619 is divided by 2609.
10
Calculate the remainder when 522 is divided by 463.
59
What is the remainder when 160 is divided by 19?
8
What is the remainder when 322 is divided by 55?
47
What is the remainder when 186 is divided by 94?
92
What is the remainder when 135 is divided by 35?
30
Calculate the remainder when 138 is divided by 27.
3
Calculate the remainder when 197 is divided by 22.
21
Calculate the remainder when 93 is divided by 55.
38
What is the remainder when 4359 is divided by 26?
17
Calculate the remainder when 115 is divided by 39.
37
Calculate the remainder when 368 is divided by 74.
72
What is the remainder when 701 is divided by 88?
85
What is the remainder when 2947 is divided by 39?
22
Calculate the remainder when 2890 is divided by 262.
8
What is the remainder when 135 is divided by 42?
9
What is the remainder when 6 is divided by 5?
1
Calculate the remainder when 249 is divided by 42.
39
What is the remainder when 98 is divided by 34?
30
What is the remainder when 8860 is divided by 14?
12
Calculate the remainder when 669 is divided by 114.
99
What is the remainder when 1746 is divided by 46?
44
What is the remainder when 2097 is divided by 42?
39
Calculate the remainder when 1763 is divided by 147.
146
Calculate the remainder when 57 is divided by 15.
12
Calculate the remainder when 33 is divided by 12.
9
What is the remainder when 2145 is divided by 24?
9
Calculate the remainder when 22 is divided by 3.
1
What is the remainder when 210 is divided by 36?
30
Calculate the remainder when 50 is divided by 25.
0
Calculate the remainder when 22947 is divided by 135.
132
What is the remainder when 5159 is divided by 129?
128
Calculate the remainder when 80 is divided by 27.
26
What is the remainder when 937 is divided by 309?
10
What is the remainder when 47 is divided by 13?
8
Calculate the remainder when 13 is divided by 4.
1
What is the remainder when 153 is divided by 9?
0
What is the remainder when 136 is divided by 14?
10
What is the remainder when 1012 is divided by 151?
106
Calculate the remainder when 3096 is divided by 1028.
12
What is the remainder when 17 is divided by 15?
2
What is the remainder when 1236 is divided by 138?
132
What is the remainder when 7383 is divided by 19?
11
Calculate the remainder when 101 is divided by 38.
25
What is the remainder when 23 is divided by 23?
0
Calculate the remainder when 417 is divided by 3.
0
What is the remainder when 63 is divided by 4?
3
Calculate the remainder when 311 is divided by 65.
51
Calculate the remainder when 37190 is divided by 231.
230
What is the remainder when 111 is divided by 41?
29
Calculate the remainder when 205 is divided by 184.
21
What is the remainder when 34 is divided by 9?
7
Calculate the remainder when 4255 is divided by 5.
0
What is the remainder when 26 is divided by 14?
12
Calculate the remainder when 918 is divided by 103.
94
Calculate the remainder when 10423 is divided by 75.
73
What is the remainder when 438 is divided by 17?
13
Calculate the remainder when 731 is divided by 4.
3
Calculate the remainder when 2828 is divided by 258.
248
Calculate the remainder when 321 is divided by 46.
45
Calculate the remainder when 644 is divided by 13.
7
Calculate the remainder when 762 is divided by 74.
22
Calculate the remainder when 299 is divided by 294.
5
What is the remainder when 286 is divided by 253?
33
What is the remainder when 4067 is divided by 74?
71
What is the remainder when 180 is divided by 52?
24
What is the remainder when 18 is divided by 4?
2
What is the remainder when 1255 is divided by 49?
30
Calculate the remainder when 779 is divided by 10.
9
Calculate the remainder when 673 is divided by 52.
49
Calculate the remainder when 20 is divided by 9.
2
What is the remainder when 82 is divided by 26?
4
Calculate the remainder when 38 is divided by 11.
5
Calculate the remainder when 287 is divided by 211.
76
Calculate the remainder when 7 is divided by 3.
1
What is the remainder when 941 is divided by 234?
5
What is the remainder when 2226 is divided by 741?
3
Calculate the remainder when 172 is divided by 32.
12
Calculate the remainder when 2379 is divided by 43.
14
What is the remainder when 5448 is divided by 69?
66
What is the remainder when 713 is divided by 711?
2
What is the remainder when 160 is divided by 11?
6
What is the remainder when 3318 is divided by 40?
38
What is the remainder when 195 is divided by 87?
21
What is the remainder when 353 is divided by 175?
3
Calculate the remainder when 102 is divided by 91.
11
What is the remainder when 1301 is divided by 58?
25
What is the remainder when 2735 is divided by 38?
37
Calculate the remainder when 1388 is divided by 257.
103
Calculate the remainder when 223 is divided by 28.
27
What is the remainder when 1118 is divided by 221?
13
What is the remainder when 45 is divided by 26?
19
What is the remainder when 261 is divided by 38?
33
What is the remainder when 6124 is divided by 6?
4
What is the remainder when 756 is divided by 33?
30
What is the remainder when 131 is divided by 32?
3
What is the remainder when 2659 is divided by 140?
139
Calculate the remainder when 509 is divided by 16.
13
What is the remainder when 230 is divided by 124?
106
What is the remainder when 215 is divided by 12?
11
Calculate the remainder when 151 is divided by 46.
13
Calculate the remainder when 33922 is divided by 22.
20
Calculate the remainder when 5243 is divided by 159.
155
Calculate the remainder when 41 is divided by 32.
9
What is the remainder when 438 is divided by 10?
8
What is the remainder when